840.
2, 3, 5, 11
List the prime factors of 2449.
31, 79
What are the prime factors of 70?
2, 5, 7
What are the prime factors of 1898?
2, 13, 73
What are the prime factors of 2003?
2003
What are the prime factors of 17460?
2, 3, 5, 97
What are the prime factors of 6600?
2, 3, 5, 11
What are the prime factors of 57652?
2, 7, 29, 71
What are the prime factors of 9163?
7, 11, 17
List the prime factors of 175470.
2, 3, 5, 5849
List the prime factors of 1940.
2, 5, 97
What are the prime factors of 669?
3, 223
List the prime factors of 40.
2, 5
List the prime factors of 47.
47
List the prime factors of 832.
2, 13
List the prime factors of 1358.
2, 7, 97
What are the prime factors of 28206?
2, 3, 1567
List the prime factors of 150503.
150503
List the prime factors of 916.
2, 229
List the prime factors of 807.
3, 269
List the prime factors of 1943.
29, 67
List the prime factors of 654.
2, 3, 109
What are the prime factors of 15391?
15391
What are the prime factors of 15318?
2, 3, 23, 37
List the prime factors of 5262.
2, 3, 877
What are the prime factors of 1453?
1453
What are the prime factors of 1557?
3, 173
What are the prime factors of 4056?
2, 3, 13
List the prime factors of 16211.
13, 29, 43
List the prime factors of 1718.
2, 859
What are the prime factors of 62478?
2, 3, 13, 89
List the prime factors of 14581.
7, 2083
What are the prime factors of 62330?
2, 5, 23, 271
What are the prime factors of 15065?
5, 23, 131
What are the prime factors of 371?
7, 53
List the prime factors of 20506.
2, 10253
List the prime factors of 47541.
3, 13, 23, 53
What are the prime factors of 21197?
11, 41, 47
List the prime factors of 4674.
2, 3, 19, 41
What are the prime factors of 1043?
7, 149
List the prime factors of 1150.
2, 5, 23
What are the prime factors of 107951?
107951
What are the prime factors of 46?
2, 23
What are the prime factors of 20084?
2, 5021
List the prime factors of 59997.
3, 7, 2857
List the prime factors of 26041.
26041
List the prime factors of 14676.
2, 3, 1223
List the prime factors of 43338.
2, 3, 31, 233
List the prime factors of 1305.
3, 5, 29
List the prime factors of 2838.
2, 3, 11, 43
What are the prime factors of 76915?
5, 15383
What are the prime factors of 128590?
2, 5, 7, 11, 167
What are the prime factors of 1051?
1051
What are the prime factors of 6098?
2, 3049
What are the prime factors of 94304?
2, 7, 421
List the prime factors of 24406.
2, 12203
What are the prime factors of 1781?
13, 137
What are the prime factors of 602?
2, 7, 43
List the prime factors of 572.
2, 11, 13
What are the prime factors of 4059?
3, 11, 41
What are the prime factors of 113?
113
What are the prime factors of 25?
5
List the prime factors of 12729.
3, 4243
What are the prime factors of 71505?
3, 5, 7, 227
What are the prime factors of 67749?
3, 11, 2053
List the prime factors of 1773.
3, 197
What are the prime factors of 37240?
2, 5, 7, 19
What are the prime factors of 175?
5, 7
What are the prime factors of 187933?
23, 8171
What are the prime factors of 6910?
2, 5, 691
List the prime factors of 1391.
13, 107
List the prime factors of 173.
173
What are the prime factors of 825?
3, 5, 11
What are the prime factors of 48950?
2, 5, 11, 89
What are the prime factors of 23834?
2, 17, 701
List the prime factors of 25805.
5, 13, 397
What are the prime factors of 15900?
2, 3, 5, 53
List the prime factors of 8055.
3, 5, 179
List the prime factors of 898.
2, 449
What are the prime factors of 14684?
2, 3671
List the prime factors of 4532.
2, 11, 103
What are the prime factors of 6684?
2, 3, 557
List the prime factors of 78793.
11, 13, 19, 29
What are the prime factors of 7719?
3, 31, 83
List the prime factors of 5346.
2, 3, 11
List the prime factors of 137679.
3, 45893
What are the prime factors of 11685?
3, 5, 19, 41
What are the prime factors of 576?
2, 3
List the prime factors of 19684.
2, 7, 19, 37
What are the prime factors of 480?
2, 3, 5
What are the prime factors of 101300?
2, 5, 1013
List the prime factors of 70441.
7, 29, 347
List the prime factors of 208.
2, 13
What are the prime factors of 2851?
2851
List the prime factors of 2175.
3, 5, 29
List the prime factors of 34442.
2, 17, 1013
What are the prime factors of 31901?
19, 23, 73
List the prime factors of 448.
2, 7
What are the prime factors of 581?
7, 83
What are the prime factors of 1391?
13, 107
List the prime factors of 1776.
2, 3, 37
List the prime factors of 7761.
3, 13, 199
What are the prime factors of 16417?
16417
List the prime factors of 94155.
3, 5, 6277
What are the prime factors of 841?
29
What are the prime factors of 14131?
13, 1087
What are the prime factors of 1378?
2, 13, 53
What are the prime factors of 5365?
5, 29, 37
What are the prime factors of 18543?
3, 7, 883
List the prime factors of 1531.
1531
What are the prime factors of 29903?
17, 1759
List the prime factors of 1007.
19, 53
What are the prime factors of 4981?
17, 293
What are the prime factors of 2213?
2213
List the prime factors of 823.
823
What are the prime factors of 1329?
3, 443
List the prime factors of 46170.
2, 3, 5, 19
List the prime factors of 1428.
2, 3, 7, 17
List the prime factors of 89057.
89057
What are the prime factors of 15260?
2, 5, 7, 109
List the prime factors of 4268.
2, 11, 97
What are the prime factors of 68677?
7, 9811
What are the prime factors of 112?
2, 7
What are the prime factors of 47806?
2, 11, 41, 53
List the prime factors of 27753.
3, 11, 29
List the prime factors of 5448.
2, 3, 227
What are the prime factors of 14044?
2, 3511
List the prime factors of 17380.
2, 5, 11, 79
List the prime factors of 42859.
42859
What are the prime factors of 29920?
2, 5, 11, 17
List the prime factors of 4050.
2, 3, 5
List the prime factors of 32748.
2, 3, 2729
List the prime factors of 3524.
2, 881
List the prime factors of 114087.
3, 17, 2237
What are the prime factors of 6506?
2, 3253
List the prime factors of 142.
2, 71
What are the prime factors of 81045?
3, 5, 1801
List the prime factors of 29973.
3, 97, 103
List the prime factors of 8332.
2, 2083
List the prime factors of 254.
2, 127
List the prime factors of 26898.
2, 3, 4483
List the prime factors of 2320.
2, 5, 29
What are the prime factors of 2785?
5, 557
What are the prime factors of 7438?
2, 3719
List the prime factors of 984.
2, 3, 41
List the prime factors of 10043.
11, 83
What are the prime factors of 86668?
2, 47, 461
List the prime factors of 42581.
7, 11, 79
What are the prime factors of 14863?
89, 167
List the prime factors of 1010.
2, 5, 101
What are the prime factors of 1139?
17, 67
List the prime factors of 2152.
2, 269
What are the prime factors of 3334?
2, 1667
What are the prime factors of 5757?
3, 19, 101
List the prime factors of 38608.
2, 19, 127
List the prime factors of 733.
733
What are the prime factors of 546?
2, 3, 7, 13
What are the prime factors of 639?
3, 71
What are the prime factors of 56747?
56747
What are the prime factors of 3005?
5, 601
What are the prime factors of 2847?
3, 13, 73
List the prime factors of 97960.
2, 5, 31, 79
List the prime factors of 3942.
2, 3, 73
List the prime factors of 2321.
11, 211
What are the prime factors of 6774?
2, 3, 1129
What are the prime factors of 24361?
17, 1433
List the prime factors of 4507.
4507
What are the prime factors of 2594?
2, 1297
List the prime factors of 124696.
2, 11, 13, 109
What are the prime factors of 3934?
2, 7, 281
List the prime factors of 8789.
11, 17, 47
List the prime factors of 927.
3, 103
List the prime factors of 128731.
23, 29, 193
What are the prime factors of 29808?
2, 3, 23
List the prime factors of 136205.
5, 27241
List the prime factors of 121048.
2, 15131
What are the prime factors of 2631?
3, 877
What are the prime factors of 63705?
3, 5, 31, 137
What are the prime factors of 3144?
2, 3, 131
What are the prime factors of 38049?
3, 11, 1153
What are the prime factors of 128463?
3, 42821
List the prime factors of 96624.
2, 3, 11, 61
What are the prime factors of 5904?
2, 3, 41
What are the prime factors of 350?
2, 5, 7
List the prime factors of 7373.
73, 101
What are the prime factors of 920?
2, 5, 23
List the prime factors of 7564.
2, 31, 61
What are the prime factors of 43065?
3, 5, 11, 29
What are the prime factors of 137748?
2, 3, 